{"id":18,"date":"2017-06-10T08:25:52","date_gmt":"2017-06-10T08:25:52","guid":{"rendered":"http:\/\/xtratheme.combuilding\/?page_id=10"},"modified":"2025-06-02T14:25:56","modified_gmt":"2025-06-02T14:25:56","slug":"iletisim","status":"publish","type":"page","link":"https:\/\/cikmakoli.com\/index.php\/iletisim\/","title":{"rendered":"\u0130leti\u015fim"},"content":{"rendered":"<div class=\"wpb-content-wrapper\"><p>[vc_row][vc_column]<div class=\"cz_gap clr \" style=\"height: 100px\"><\/div>[\/vc_column][\/vc_row][vc_row][vc_column width=&#8221;1\/3&#8243;]<div id=\"cz_23331\" class=\"cz_23331 services clr style1 cz_sbi_fx_6 services_b z99 wpb_animate_when_almost_visible fadeInUp\"><div class=\"service_custom\"><i class=\"fa fa-envelope\"><\/i><\/div><div class=\"service_text\"><h3>Email<\/h3><div class=\"cz_wpe_content\"><span style=\"color: #ffffff;\">info@cikmakoli.com<\/span><\/div><\/div><\/div>[\/vc_column][vc_column width=&#8221;1\/3&#8243;]<div id=\"cz_11405\" class=\"cz_11405 services clr style1 cz_sbi_fx_6 services_b z99 wpb_animate_when_almost_visible fadeInUp\"><div class=\"service_custom\"><i class=\"fa fa-phone\"><\/i><\/div><div class=\"service_text\"><h3>Phone<\/h3><div class=\"cz_wpe_content\"><span style=\"color: #666666;\"><span style=\"color: #ffffff;\">0 (537) 441 26 91<\/span><br \/>\n<\/span><\/div><\/div><\/div>[\/vc_column][vc_column width=&#8221;1\/3&#8243;]<div id=\"cz_41741\" class=\"cz_41741 services clr style1 cz_sbi_fx_6 services_b z99 wpb_animate_when_almost_visible fadeInUp\"><div class=\"service_custom\"><i class=\"fa fa-map-marker\"><\/i><\/div><div class=\"service_text\"><h3>Address<\/h3><div class=\"cz_wpe_content\"><span style=\"color: #ffffff;\">Tuna, Sakarya Cd. 2-6, 34225 Esenler\/\u0130stanbul<\/span><\/p>\n<p>&nbsp;<\/div><\/div><\/div>[\/vc_column][\/vc_row][vc_row css=&#8221;.vc_custom_1514817007671{margin-bottom: -60px !important;}&#8221;][vc_column]<div id=\"cz_73854\" class=\"cz_73854 gmap\" data-api-key=\"AIzaSyDC_SdwdgXxAkdaxDKSnTMPypvia7SpRp4\"> <\/div><div ><\/div><script>\r\n\t\t\tfunction mapfucntion_cz_73854() {\r\n\r\n\t\t\t\tgoogle.maps.Map.prototype.setCenterWithOffset = function(latlng, offsetX, offsetY) {\r\n\t\t\t\t    var map = this;\r\n\t\t\t\t    var ov = new google.maps.OverlayView();\r\n\t\t\t\t    ov.onAdd = function() {\r\n\t\t\t\t        var proj = this.getProjection();\r\n\t\t\t\t        var aPoint = proj.fromLatLngToContainerPixel(latlng);\r\n\t\t\t\t        aPoint.x = aPoint.x+offsetX;\r\n\t\t\t\t        aPoint.y = aPoint.y+offsetY;\r\n\t\t\t\t        map.setCenter(proj.fromContainerPixelToLatLng(aPoint));\r\n\t\t\t\t    }; \r\n\t\t\t\t    ov.draw = function() {}; \r\n\t\t\t\t    ov.setMap(this); \r\n\t\t\t\t};\r\n\r\n\t\t\t\tvar windx = jQuery(window), \r\n\r\n\t\t\t\t\tlatlng = { lat:41.05278, lng:28.86056},\r\n\r\n\t\t\t\t\tmyOptions = {\r\n\t\t\t\t\t\tmapId: \"\",\r\n\t\t\t\t\t\tzoom: 12,\r\n\t\t\t\t\t\tscrollwheel: false,\r\n\t\t\t\t\t\tdisableDefaultUI: false,\r\n\t\t\t\t\t\tcenter: latlng\r\n\t\t\t\t\t},\r\n\r\n\t\t\t\t\tcz_73854 = new google.maps.Map(document.getElementById(\"cz_73854\"), myOptions ),\r\n\r\n\t\t\t\t\tsetCenterOffset = function() {\r\n\r\n\t\t\t\t\t\tif ( windx.width() < 768 ) {\r\n\t\t\t\t\t\t\tcz_73854.setCenterWithOffset( latlng, 0, 0 );\r\n\t\t\t\t\t\t} else {\r\n\t\t\t\t\t\t\tcz_73854.setCenterWithOffset( latlng, 0, 0 );\r\n\t\t\t\t\t\t}\r\n\r\n\t\t\t\t\t};\r\n\r\n\t\t\t\tsetCenterOffset();\r\n\r\n\t\t\t\twindx.on( \"resize\", function() {\r\n\t\t\t\t\tsetCenterOffset();\r\n\t\t\t\t});\r\n\t\t\tvar styles = [{\"elementType\": \"geometry\",\"stylers\": [{\"color\": \"#f5f5f5\"}]},{\"elementType\": \"labels.icon\",\"stylers\": [{\"visibility\": \"off\"}]},{\"elementType\": \"labels.text.fill\",\"stylers\": [{\"color\": \"#616161\"}]},{\"elementType\": \"labels.text.stroke\",\"stylers\": [{\"color\": \"#f5f5f5\"}]},{\"featureType\": \"administrative.land_parcel\",\"elementType\": \"labels\",\"stylers\": [{\"visibility\": \"off\"}]},{\"featureType\": \"administrative.land_parcel\",\"elementType\": \"labels.text.fill\",\"stylers\": [{\"color\": \"#bdbdbd\"}]},{\"featureType\": \"poi\",\"elementType\": \"geometry\",\"stylers\": [{\"color\": \"#eeeeee\"}]},{\"featureType\": \"poi\",\"elementType\": \"labels.text\",\"stylers\": [{\"visibility\": \"off\"}]},{\"featureType\": \"poi\",\"elementType\": \"labels.text.fill\",\"stylers\": [{\"color\": \"#757575\"}]},{\"featureType\": \"poi.park\",\"elementType\": \"geometry\",\"stylers\": [{\"color\": \"#e5e5e5\"}]},{\"featureType\": \"poi.park\",\"elementType\": \"labels.text.fill\",\"stylers\": [{\"color\": \"#9e9e9e\"}]},{\"featureType\": \"road\",\"elementType\": \"geometry\",\"stylers\": [{\"color\": \"#ffffff\"}]},{\"featureType\": \"road.arterial\",\"elementType\": \"labels.text.fill\",\"stylers\": [{\"color\": \"#757575\"}]},{\"featureType\": \"road.highway\",\"elementType\": \"geometry\",\"stylers\": [{\"color\": \"#dadada\"}]},{\"featureType\": \"road.highway\",\"elementType\": \"labels.text.fill\",\"stylers\": [{\"color\": \"#616161\"}]},{\"featureType\": \"road.local\",\"elementType\": \"labels\",\"stylers\": [{\"visibility\": \"off\"}]},{\"featureType\": \"road.local\",\"elementType\": \"labels.text.fill\",\"stylers\": [{\"color\": \"#9e9e9e\"}]},{\"featureType\": \"transit.line\",\"elementType\": \"geometry\",\"stylers\": [{\"color\": \"#e5e5e5\"}]},{\"featureType\": \"transit.station\",\"elementType\": \"geometry\",\"stylers\": [{\"color\": \"#eeeeee\"}]},{\"featureType\": \"water\",\"elementType\": \"geometry\",\"stylers\": [{\"color\": \"#c9c9c9\"}]},{\"featureType\": \"water\",\"elementType\": \"labels.text.fill\",\"stylers\": [{\"color\": \"#9e9e9e\"}]}];var styledMap = new google.maps.StyledMapType(styles,{name: \"Styled Map\"});cz_73854.mapTypes.set(\"map_style\", styledMap);  cz_73854.setMapTypeId(\"map_style\");class CustomMarker extends google.maps.OverlayView {\r\n\t\t\t    constructor(position, map) {\r\n\t\t\t        super();\r\n\t\t\t        this.position = position;\r\n\t\t\t        this.map = map;\r\n\t\t\t        this.div = null;\r\n\t\t\t        this.setMap(map);\r\n\t\t\t    }\r\n\r\n\t\t\t    onAdd() {\r\n\t\t\t        this.div = document.createElement(\"div\");\r\n\t\t\t        this.div.style.position = \"absolute\";\r\n\t\t\t        this.div.style.cursor = \"pointer\";\r\n\t\t\t        this.div.style.transform = \"translate(-50%, -100%)\";\r\n\t\t\t        this.div.innerHTML = `<div style=\"position:relative; text-align:center;\">\r\n\t\t\t                                <div class=\"codevz-map-tooltip\"><\/div>\r\n\t\t\t                                <img decoding=\"async\" src=\"https:\/\/cikmakoli.com\/wp-content\/uploads\/2019\/06\/pin.png\" style=\"display:block;\" class=\"lazyDone\" \/>\r\n\t\t\t                              <\/div>`;\r\n\r\n\t\t\t        this.getPanes().overlayMouseTarget.appendChild(this.div);\r\n\t\t\t        this.tooltip = this.div.querySelector(\".codevz-map-tooltip\");\r\n\r\n\t\t\t        \/\/ Show title on click\r\n\t\t\t        this.div.addEventListener(\"click\", (event) => {\r\n\t\t\t            event.stopPropagation();\r\n\t\t\t            this.tooltip.style.display = this.tooltip.style.display === \"block\" ? \"none\" : \"block\";\r\n\t\t\t        });\r\n\r\n\t\t\t        \/\/ Hide title when clicking outside\r\n\t\t\t        google.maps.event.addListener(this.map, \"click\", () => {\r\n\t\t\t            this.tooltip.style.display = \"none\";\r\n\t\t\t        });\r\n\t\t\t    }\r\n\r\n\t\t\t    draw() {\r\n\t\t\t        const overlayProjection = this.getProjection();\r\n\t\t\t        const position = overlayProjection.fromLatLngToDivPixel(this.position);\r\n\r\n\t\t\t        if (position && this.div) {\r\n\t\t\t            this.div.style.left = `${position.x}px`;\r\n\t\t\t            this.div.style.top = `${position.y}px`;\r\n\t\t\t        }\r\n\t\t\t    }\r\n\r\n\t\t\t    onRemove() {\r\n\t\t\t        if (this.div) {\r\n\t\t\t            this.div.parentNode.removeChild(this.div);\r\n\t\t\t            this.div = null;\r\n\t\t\t        }\r\n\t\t\t    }\r\n\t\t\t}\r\n\r\n\t\t\t\/\/ Add a custom marker at a specific location\r\n\t\t\tnew CustomMarker(new google.maps.LatLng(41.05278, 28.86056), cz_73854);\r\n\t\t\t}<\/script>[\/vc_column][\/vc_row][vc_row css=&#8221;.vc_custom_1497126171788{background-position: center !important;background-repeat: no-repeat !important;background-size: cover !important;}&#8221;][vc_column width=&#8221;1\/4&#8243;][\/vc_column][vc_column width=&#8221;1\/2&#8243; offset=&#8221;vc_col-xs-12&#8243;]<div id=\"cz_64180\" class=\"cz_64180 cz_cf7 clr\"><div>\n<div class=\"wpcf7 no-js\" id=\"wpcf7-f505-o1\" lang=\"en-US\" dir=\"ltr\" data-wpcf7-id=\"505\">\n<div class=\"screen-reader-response\"><p role=\"status\" aria-live=\"polite\" aria-atomic=\"true\"><\/p> <ul><\/ul><\/div>\n<form action=\"\/index.php\/wp-json\/wp\/v2\/pages\/18#wpcf7-f505-o1\" method=\"post\" class=\"wpcf7-form init\" aria-label=\"Contact form\" enctype=\"multipart\/form-data\" novalidate=\"novalidate\" data-status=\"init\">\n<fieldset class=\"hidden-fields-container\"><input type=\"hidden\" name=\"_wpcf7\" value=\"505\" \/><input type=\"hidden\" name=\"_wpcf7_version\" value=\"6.1.5\" \/><input type=\"hidden\" name=\"_wpcf7_locale\" value=\"en_US\" \/><input type=\"hidden\" name=\"_wpcf7_unit_tag\" value=\"wpcf7-f505-o1\" \/><input type=\"hidden\" name=\"_wpcf7_container_post\" value=\"0\" \/><input type=\"hidden\" name=\"_wpcf7_posted_data_hash\" value=\"\" \/>\n<\/fieldset>\n<p><span class=\"wpcf7-form-control-wrap\" data-name=\"your-name\"><input size=\"40\" maxlength=\"400\" class=\"wpcf7-form-control wpcf7-text wpcf7-validates-as-required\" aria-required=\"true\" aria-invalid=\"false\" placeholder=\"\u0130sminiz (*)\" value=\"\" type=\"text\" name=\"your-name\" \/><\/span>\n<\/p>\n<p><span class=\"wpcf7-form-control-wrap\" data-name=\"your-email\"><input size=\"40\" maxlength=\"400\" class=\"wpcf7-form-control wpcf7-email wpcf7-validates-as-required wpcf7-text wpcf7-validates-as-email\" aria-required=\"true\" aria-invalid=\"false\" placeholder=\"Mail Adresiniz (*)\" value=\"\" type=\"email\" name=\"your-email\" \/><\/span>\n<\/p>\n<p><span class=\"wpcf7-form-control-wrap\" data-name=\"your-subject\"><input size=\"40\" maxlength=\"400\" class=\"wpcf7-form-control wpcf7-text\" aria-invalid=\"false\" placeholder=\"Konu\" value=\"\" type=\"text\" name=\"your-subject\" \/><\/span>\n<\/p>\n<p><span class=\"wpcf7-form-control-wrap\" data-name=\"menu-178\"><select class=\"wpcf7-form-control wpcf7-select\" aria-invalid=\"false\" name=\"menu-178\"><option value=\"\u00dcr\u00fcn Se\u00e7ene\u011fi\">\u00dcr\u00fcn Se\u00e7ene\u011fi<\/option><option value=\"Koli\">Koli<\/option><option value=\"Kutu\">Kutu<\/option><option value=\"Koli Band\u0131\">Koli Band\u0131<\/option><option value=\"Stre\u00e7\">Stre\u00e7<\/option><option value=\"Balonlu Naylon\">Balonlu Naylon<\/option><\/select><\/span>\n<\/p>\n<p><span class=\"wpcf7-form-control-wrap\" data-name=\"your-message\"><textarea cols=\"40\" rows=\"10\" maxlength=\"2000\" class=\"wpcf7-form-control wpcf7-textarea\" aria-invalid=\"false\" placeholder=\"Mesaj\u0131n\u0131z\" name=\"your-message\"><\/textarea><\/span>\n<\/p>\n<p><span class=\"wpcf7-form-control-wrap\" data-name=\"file-131\"><input size=\"40\" class=\"wpcf7-form-control wpcf7-file\" accept=\".jpg,.png\" aria-invalid=\"false\" type=\"file\" name=\"file-131\" \/><\/span>\n<\/p>\n<p><input class=\"wpcf7-form-control wpcf7-submit has-spinner\" type=\"submit\" value=\"G\u00f6nder\" \/>\n<\/p><div class=\"wpcf7-response-output\" aria-hidden=\"true\"><\/div>\n<\/form>\n<\/div>\n<\/div><\/div>[\/vc_column][vc_column width=&#8221;1\/4&#8243; offset=&#8221;vc_hidden-sm vc_hidden-xs&#8221;][\/vc_column][\/vc_row][vc_row][vc_column]<div class=\"cz_gap clr \" style=\"height: 130px\"><\/div>[\/vc_column][\/vc_row]<\/p>\n<\/div>","protected":false},"excerpt":{"rendered":"<p>[vc_row][vc_column][\/vc_column][\/vc_row][vc_row][vc_column width=&#8221;1\/3&#8243;][\/vc_column][vc_column width=&#8221;1\/3&#8243;][\/vc_column][vc_column width=&#8221;1\/3&#8243;][\/vc_column][\/vc_row][vc_row css=&#8221;.vc_custom_1514817007671{margin-bottom: -60px !important;}&#8221;][vc_column][\/vc_column][\/vc_row][vc_row css=&#8221;.vc_custom_1497126171788{background-position: center !important;background-repeat: no-repeat &#8230; <\/p>\n","protected":false},"author":1,"featured_media":0,"parent":0,"menu_order":0,"comment_status":"closed","ping_status":"closed","template":"","meta":{"_joinchat":[],"footnotes":""},"class_list":["post-18","page","type-page","status-publish","hentry"],"jetpack_sharing_enabled":true,"_links":{"self":[{"href":"https:\/\/cikmakoli.com\/index.php\/wp-json\/wp\/v2\/pages\/18","targetHints":{"allow":["GET"]}}],"collection":[{"href":"https:\/\/cikmakoli.com\/index.php\/wp-json\/wp\/v2\/pages"}],"about":[{"href":"https:\/\/cikmakoli.com\/index.php\/wp-json\/wp\/v2\/types\/page"}],"author":[{"embeddable":true,"href":"https:\/\/cikmakoli.com\/index.php\/wp-json\/wp\/v2\/users\/1"}],"replies":[{"embeddable":true,"href":"https:\/\/cikmakoli.com\/index.php\/wp-json\/wp\/v2\/comments?post=18"}],"version-history":[{"count":10,"href":"https:\/\/cikmakoli.com\/index.php\/wp-json\/wp\/v2\/pages\/18\/revisions"}],"predecessor-version":[{"id":1392,"href":"https:\/\/cikmakoli.com\/index.php\/wp-json\/wp\/v2\/pages\/18\/revisions\/1392"}],"wp:attachment":[{"href":"https:\/\/cikmakoli.com\/index.php\/wp-json\/wp\/v2\/media?parent=18"}],"curies":[{"name":"wp","href":"https:\/\/api.w.org\/{rel}","templated":true}]}}